
5
Let o = -8 + 12. Suppose -j + 154 = 3*t, 4*j + 62 = -o*t + 270. What is the tens digit of t?
5
Let r(u) = u**2 + 8*u + 3. What is the units digit of r(-9)?
2
What is the units digit of ((-161)/14)/(2/(-12))?
9
Let t be 8 + -6 + (-1 - -2). Suppose -90 + 18 = -4*h + 4*s, 0 = 4*h - t*s - 70. What is the tens digit of h?
1
Let n(f) = -15*f - 4. What is the units digit of n(-3)?
1
Suppose -3*f = -0*f - 24. Suppose -3*i - i = -f. Suppose -3 = i*g - 5. What is the units digit of g?
1
Suppose -3*i + 4*x + 151 = -111, 2*i + x = 193. What is the units digit of i?
4
Suppose -5*c = -0*c - 15. Suppose -30 = t - c*t. What is the units digit of t?
5
Let a(f) = f**2 + 2*f - 1. What is the units digit of a(-7)?
4
Suppose 0 = -4*u + 7 + 5. Suppose -u*l - l - 8 = 0. Let w(c) = -7*c - 1. What is the units digit of w(l)?
3
Let l(y) = y**3 + 9*y**2 - 6*y + 2. Let v be l(-7). Let j = -82 + v. Suppose 38 = 4*k - 2*t, 5*k - 4*t - t = j. What is the units digit of k?
7
Let t = 134 - 49. What is the tens digit of t?
8
Let t = 9 - 7. What is the units digit of t?
2
Suppose -2*a = -5*a + 12. Suppose -2*d = -3*i - 1, 4*d - 32 = a*i - 8*i. What is the units digit of d?
5
Let f be (-3)/(4/(-2) - 1). Let d be 1 + f + 5/5. Suppose 2*j = 4, -d*j + 94 = 4*p + 40. What is the units digit of p?
2
Let y(w) = w**3 + 28*w**2 - 3*w + 34. What is the tens digit of y(-28)?
1
Suppose 31 - 163 = -4*l. What is the units digit of l?
3
Suppose -s = -5*n - 0*n - 36, -5*s + 3*n + 70 = 0. Let b = 19 + s. Suppose 3*l + 0*l + f = b, 0 = 2*f - 6. What is the units digit of l?
9
Suppose -115 = -v + 63. What is the units digit of v?
8
Let y be (-1)/(-3)*(0 - -3). Let h = y - -1. What is the units digit of h?
2
What is the units digit of (-255)/(-20) + (-2)/(-8)?
3
Let l = -27 - -14. Let j = l + 29. What is the tens digit of j?
1
Suppose l = 3 + 2. Suppose 0*f = l*f. Suppose 2*b - 3*b - 2*r + 17 = 0, f = -3*b - 4*r + 45. What is the tens digit of b?
1
Let k(j) = -j - 2. Let x be k(-7). Suppose -3 = x*z - 38. What is the units digit of z?
7
Suppose -7 - 14 = -3*b. Suppose 12 = b*h - 4*h. Suppose -5*g + 20 = 3*r, 4*r = h*g - g + 46. What is the tens digit of r?
1
Let a = -7 - -11. Suppose -a*o + 40 = o. What is the units digit of o?
8
Suppose a + 0*a + 6 = 0. Let f(l) = l**2 + 5*l + 3. What is the units digit of f(a)?
9
Suppose 0 = 5*b - 4 - 16. Suppose -4*g + 5*g - 2 = 0, 3*h + b*g = 17. Suppose -5*q + 23 + 47 = 5*t, q + h*t = 24. What is the units digit of q?
9
Suppose -4*w = 4*b - 128, 3*b + 0 = -6. Suppose w - 10 = 3*m. What is the units digit of m?
8
Let c be -1*(-2 + -4) + -3. Suppose a = -c*a + 72. What is the units digit of a?
8
Let l(n) = -n**2 + 4*n - 2. Let u be l(2). Suppose -2*q + 5*v = -28, -u*v + 14 = 2*q - q. What is the units digit of q?
4
Suppose 5*u - 3*c - 694 = 0, -5*u - 2*c + 445 + 234 = 0. What is the units digit of u?
7
Suppose j + 38 = 3*j. What is the units digit of j?
9
Let p(w) = -3*w**2 - 3*w + 2. Let y(r) = 13*r**2 + 13*r - 8. Let v(h) = -9*p(h) - 2*y(h). What is the tens digit of v(4)?
1
Let f = 0 - -11. What is the units digit of f?
1
Suppose 4*m = -m + 225. What is the units digit of m?
5
Let n = -7 + 12. What is the units digit of (n/(-20))/((-1)/4)?
1
Let r(x) be the third derivative of x**5/20 - x**4/24 + x**2. Let v be r(-1). Suppose -w - 1 = v*k, -5*w + 3*k = 4*k - 52. What is the units digit of w?
1
Let k = 214 + -88. What is the units digit of k?
6
Let a be (-112)/(-21) + (-1)/3. Suppose 2*r + r = c - 32, -5*r + 260 = a*c. What is the units digit of c?
7
Suppose 4*g - 12 = -0. Suppose -5*p + g*j - 15 + 4 = 0, -2*p + 4 = 3*j. What is the units digit of 4/6*(p + 4)?
2
Let z = 10 + 20. Suppose -7*m = -2*m - z. What is the units digit of m?
6
Let l be (146/(-4))/((-2)/4). Let s = l - 47. Suppose 0 = -4*x + s + 10. What is the units digit of x?
9
Let r = 30 + -24. What is the units digit of r?
6
Let d(y) = -80*y**3 + 3*y**2 + 4*y + 2. What is the tens digit of d(-1)?
8
Let d = 32 - 15. Suppose -15 = -4*o + u, 5*o + 2*u - 5 - d = 0. Let r(z) = 2*z**2 - 5*z - 1. What is the units digit of r(o)?
1
Suppose 0*k - u = -2*k + 22, 2*k = 2*u + 22. Suppose y - k = -j, 0 = -3*y - 2*j + 31 - 3. What is the units digit of y?
6
What is the tens digit of (-940)/(-4)*(-3 - -4)?
3
Let v(u) = -u**3 + 7*u**2 + u + 1. What is the units digit of v(7)?
8
Let q = 48 - 11. What is the units digit of q?
7
What is the hundreds digit of (129/86)/((-6)/(-1384))?
3
Suppose 0*s - s + 5*q - 11 = 0, -4*s + 3*q = -41. What is the units digit of 94/s + 6/21?
7
Suppose 4*y = y + 78. What is the units digit of y?
6
Let n(c) = -2*c + 21. What is the tens digit of n(-11)?
4
Let h be (-10)/(-6) + 2/(-3). Let d be (h/(-2))/((-2)/4). What is the units digit of 2/(4/6)*d?
3
What is the tens digit of ((-49)/3 + 2)*-3?
4
Let h be 412/26 + (-2)/(-13). Let y = h + 4. Suppose -g = 4*u - y - 13, 0 = 5*u - 4*g - 57. What is the units digit of u?
9
Suppose -4*f + 674 = -f - 5*v, 2*v = 5*f - 1155. What is the hundreds digit of f?
2
Suppose 56 = 2*l + 2*q, l + 3*q - 146 = -4*l. Let i = 36 - 58. Let d = i + l. What is the units digit of d?
9
Let l be -3*(3/9 - 1). Let x = l - 2. Suppose 2*z + x*z - 6 = 0. What is the units digit of z?
3
Suppose -5*p + 5*n + 755 = 0, -4*n + 2*n + 166 = p. What is the units digit of p?
6
Let z be ((-10)/3)/((-1)/3). Let b(g) = -g**3 - 4*g**2 - 3. Let m be b(-4). What is the units digit of ((-12)/z)/(m/20)?
8
Let t = 19 - 15. Suppose -v + t*j - 2*j = -18, 3*j = 3*v - 66. What is the tens digit of v?
2
Suppose 264 = 5*v + b, -v + 4*v - 168 = -3*b. What is the tens digit of v?
5
Let m = -5 - 1. Let z(i) = -i**2 - 7*i - 2. What is the units digit of z(m)?
4
Let q(l) = -9*l**2 + l + 1. Let n be q(-1). Let x = n + 19. What is the units digit of x?
0
Let d be -2 + (1/(-1) - 1). Let n = 2 - d. Let t = -4 + n. What is the units digit of t?
2
Let u(l) = -2*l - 2. Let i be u(-6). Suppose 2*m = 2*g + i + 6, -4*m - 3*g = -60. What is the units digit of m?
2
Suppose 2*t = t + 65. What is the units digit of t?
5
Let h(r) = -r + 8. What is the units digit of h(0)?
8
Let v be 91/28*-2*2. Let x = 25 + v. What is the tens digit of x?
1
Suppose -5 = -2*t - q, 3*t - 5 = -0*t + q. Let w(z) = 5 - 9*z**2 + t*z + 3*z**2 - z**3 - 7*z. What is the units digit of w(-5)?
5
What is the tens digit of (117/(-9))/(1/(-3))?
3
Let u be 3/(27/114)*3. Suppose q - u = -14. What is the units digit of q?
4
Suppose 1 = -2*b + 5. Suppose g + b + 2 = 0. Let j(y) = y**2 + 3*y - 2. What is the units digit of j(g)?
2
Let l(k) = 15*k + 2. What is the units digit of l(2)?
2
Suppose -4*m - 2*k + 279 + 177 = 0, 4*k = 0. What is the hundreds digit of m?
1
Let n be -1 + 3*(-3)/(-9). Suppose n = -2*p + 36 + 2. Suppose -3 = -2*z + p. What is the tens digit of z?
1
Suppose -4 = -d, 4*m + d - 5*d - 296 = 0. What is the units digit of m?
8
Suppose -33 = -7*f + 289. What is the units digit of f?
6
Let l be 3 + 1 - (2 - 0). Suppose -3*f = l*f - 55. What is the tens digit of f?
1
Let l(q) be the third derivative of q**4/24 + 17*q**3/6 - 2*q**2. What is the units digit of l(14)?
1
Suppose 0 = -0*f + 2*f + 14. Suppose 3*d - 2*x + 0*x - 36 = 0, 4*x = 3*d - 36. Let p = f + d. What is the units digit of p?
5
Suppose i - 670 = -4*q, -4*i + 837 = 5*q + 5. Let k be 5*(0 + q/10). Suppose -3*m = 4*g - k, -4*g - 4*m + 56 = -8*m. What is the tens digit of g?
1
Let m(v) be the second derivative of -v**5/20 + 5*v**4/12 + v**3/3 - 2*v**2 + 8*v. What is the units digit of m(3)?
0
Let s = -15 + 30. What is the units digit of s?
5
Let i = 71 + -66. What is the units digit of i?
5
Let x(s) = s**3 - s**2 + s + 9. Let u be x(0). Let i = u + -13. What is the units digit of i*(-2 + (-21)/(-12))?
1
Let k(f) be the first derivative of f + 1/3*f**3 - 1/2*f**2 + 2. What is the units digit of k(1)?
1
Let i(a) = 4*a + 11. Let s be i(-8). Let p = s + 43. What is the units digit of p?
2
Let a be (2/(-3))/(12/(-54)). Suppose 4*q - 5*h - 31 = 2*q, a*q = 5*h + 49. What is the units digit of q?
8
Suppose -2*y + 12 = 4. Suppose 3*a - y*a = 2*b - 11, 5*b = 2*a + 23. Suppose -2*f = -s + b*s - 44, 3*s - 31 = -f. What is the units digit of s?
9
Let x(q) = -q - 1. Let c(y) = -y. Let a(r) = -5*c(r) + 4*x(r). Let h be a(7). Suppose 2*v - h = l, -3*l - v - 1 = -5*v. What is the unit